ase 7
134162
What is 10102 (base 10) in base 4?
2131312
What is -731641 (base 12) in base 11?
-1024420
What is 4027354 (base 8) in base 10?
1060588
What is -dd17a (base 14) in base 4?
-2002231120
394408 (base 13) to base 9
2533487
What is 233201130 (base 5) in base 13?
2b56c3
-42144443 (base 5) to base 15
-6da83
-30040444 (base 5) to base 13
-83b49
103220314 (base 6) to base 14
35baaa
What is 13121135 (base 7) in base 16?
1249b5
Convert 400404433 (base 5) to base 2.
110000000101011000010
-939bc (base 15) to base 3
-212202220120
Convert 24b3b6 (base 12) to base 7.
5046546
6018 (base 9) to base 6
32155
What is -15aa92 (base 11) in base 4?
-330300231
3000011003 (base 4) to base 9
1428202
-14714626 (base 8) to base 7
-40513023
Convert 1101010002 (base 3) to base 2.
110100110110000
Convert -2433959 (base 10) to base 5.
-1110341314
Convert 1446316 (base 9) to base 5.
201023023
What is 17131017 (base 8) in base 4?
33023020033
-78593 (base 11) to base 3
-12210011101
What is -15001335 (base 6) in base 7?
-4236161
-205105 (base 7) to base 8
-105067
110030300130 (base 4) to base 12
1934390
What is -343a11 (base 12) in base 4?
-3030013231
What is 1010010110110100010 (base 2) in base 8?
1226642
Convert -1651016 (base 12) to base 11.
-2651369
4972b (base 12) to base 11
68870
272aa (base 12) to base 5
3211421
2561707 (base 8) to base 9
1306867
30b71 (base 15) to base 8
455530
Convert -10601523 (base 7) to base 16.
-e1d3e
What is 3117376 (base 8) in base 15?
115124
What is 10b143 (base 14) in base 5?
121141023
What is 100001010000110110 (base 2) in base 13?
4a026
What is 38b9c (base 13) in base 14?
2a4d9
-1f98d7 (base 16) to base 10
-2070743
Convert -322122114 (base 5) to base 14.
-277150
-13324133 (base 6) to base 10
-446745
What is 13400392 (base 10) in base 8?
63074510
What is -431102 (base 5) in base 14?
-5419
What is 102302035 (base 6) in base 9?
3337555
-2432254 (base 7) to base 8
-1136430
9164 (base 16) to base 4
21011210
20031103220 (base 4) to base 8
10152350
-7017 (base 10) to base 14
-27b3
What is 64013 (base 12) in base 11?
8a753
-230540434 (base 6) to base 9
-7876604
Convert -125425450 (base 6) to base 13.
-69a575
What is -253140000 (base 6) in base 9?
-10215700
Convert 270bb91 (base 12) to base 8.
35402335
What is 1351213 (base 8) in base 13?
1048b3
What is -14140106 (base 10) in base 16?
-d7c2ca
Convert -334455 (base 6) to base 10.
-28259
8a8364 (base 11) to base 2
101100001000000001011
Convert -36994 (base 12) to base 15.
-16dc4
65405 (base 10) to base 16
ff7d
Convert -414667 (base 8) to base 12.
-677b3
-10144542 (base 6) to base 10
-293966
What is -35f6a9 (base 16) in base 15?
-49cd03
214230020 (base 5) to base 2
11100011000011011010
Convert -604168 (base 9) to base 7.
-3015563
b2369 (base 15) to base 4
2021302233
What is 102121032023 (base 4) in base 9?
10058355
Convert 110101011110101101 (base 2) to base 8.
653655
What is -334462 (base 7) in base 15?
-12841
Convert 11011000111011110010 (base 2) to base 3.
1200010212201
What is -e5439 (base 15) in base 7?
-6114210
40232221 (base 6) to base 8
4261765
Convert -173b6e (base 16) to base 8.
-5635556
What is -5671a (base 11) in base 3?
-11011120020
Convert -207708 (base 9) to base 16.
-1e380
What is 1206351 (base 9) in base 7?
5363203
-110223412 (base 5) to base 4
-1310120330
Convert -382c10 (base 16) to base 7.
-43201433
3096922 (base 11) to base 9
11234543
-134222102 (base 5) to base 7
-5624022
Convert -4775b (base 12) to base 11.
-66241
Convert 4651572 (base 10) to base 9.
8668673
-224359 (base 10) to base 2
-110110110001100111
What is 211077 (base 12) in base 3?
222102121101
-4662646 (base 9) to base 13
-6a3878
Convert 1110021210 (base 3) to base 5.
1404031
Convert -10101101010000110 (base 2) to base 8.
-255206
What is -34535 (base 13) in base 2?
-10111010010000000
What is 1b5991 (base 16) in base 4?
12311212101
Convert -8078582 (base 9) to base 8.
-20325626
What is -3e34ed (base 15) in base 13?
-80c84b
-1052703 (base 9) to base 14
-10a522
Convert 1181a1 (base 12) to base 14.
75533
Convert 4495673 (base 11) to base 6.
440401410
Convert -33430536 (base 7) to base 16.
-2c3967
Convert 15c43d (base 15) to base 12.
429b1a
Convert -7648 (base 11) to base 4.
-2131233
28174074 (base 9) to base 5
12031103200
Convert 1001001111111100 (base 2) to base 16.
93fc
Convert 112102121212222 (base 3) to base 14.
1038b78
Convert -703bb (base 12) to base 2.
-100011100100111111
Convert -45a24 (base 16) to base 2.
-1000101101000100100
What is 120221102220 (base 3) in base 15?
62e96
Convert 102220110122100 (base 3) to base 2.
11000001000110010100011
Convert -a4b62 (base 15) to base 8.
-1774115
What is 11043024 (base 5) in base 16?
1797f
What is 125241115 (base 6) in base 11?
1453671
What is 120110331 (base 4) in base 6?
2045153
60407317 (base 8) to base 12
43139a7
Convert -146024 (base 10) to base 12.
-70608
What is 132230032 (base 4) in base 7?
1032334
-15c2ee (base 15) to base 4
-10001033222
What is 643b4 (base 12) in base 11?
90106
-132310403 (base 6) to base 4
-22003323003
Convert -12101121211212 (base 3) to base 4.
-22323302030
What is -111021122101221 (base 3) in base 15?
-946937
What is 2000830 (base 9) in base 4?
10003222011
40144315 (base 6) to base 14
217219
What is -211776 (base 8) in base 12?
-34a7a
Convert 2304874 (base 9) to base 3.
2100011222111
What is -1b1618 (base 12) in base 10?
-479540
-2404304 (base 6) to base 5
-13003032
What is 25453db (base 14) in base 3?
1020201020121210
Convert 4401301 (base 5) to base 9.
124136
What is 9061b (base 13) in base 7?
2123304
Convert -35a2a (base 11) to base 9.
-78067
What is -110001011000 (base 4) in base 7?
-62413145
What is -5987b (base 14) in base 15?
-44ad8
103021103 (base 4) to base 14
20815
What is -512009 (base 16) in base 4?
-110102000021
What is 179cda (base 14) in base 5?
203141401
-1111111011010010 (base 2) to base 8
-177322
Convert 301303011 (base 5) to base 11.
748575
Convert 12130320222 (base 4) to base 6.
100125310
Convert 54808 (base 9) to base 14.
d385
Convert 100011213 (base 4) to base 11.
45565
c5e621 (base 15) to base 7
143006545
Convert 16a49b (base 14) to base 12.
325061
-20312231101 (base 4) to base 13
-633715
What is -1b2f40 (base 16) in base 3?
-10100111212000
-1221101101000 (base 3) to base 8
-3735644
1011011000110101 (base 2) to base 14
12ddb
Convert -c49cc (base 14) to base 11.
-2a406a
Convert -1235401 (base 6) to base 3.
-10102100101
Convert 14dad (base 15) to base 2.
10000011010001101
What is 50205431 (base 7) in base 9?
7730175
What is -24040 (base 6) in base 12?
-2020
-953909 (base 10) to base 7
-11052035
Convert -21009 (base 12) to base 3.
-2012021100
Convert 3bf8c (base 16) to base 15.
4cbb4
1a6a86 (base 11) to base 13
b1236
Convert 1111101100101010 (base 2) to base 5.
4024143
What is 83261 (base 10) in base 11?
57612
141884 (base 10) to base 11
97666
What is -111a92 (base 11) in base 13?
-63230
-4340230 (base 8) to base 12
-481334
What is a755a5 (base 11) in base 13?
483094
120303211 (base 4) to base 15
2018a
What is 15031 (base 11) in base 8?
51522
Convert -1032231223 (base 4) to base 13.
-b399b
What is -56615 (base 8) in base 14?
-8a29
Convert -11377851 (base 9) to base 6.
-314451201
What is 353990 (base 11) in base 15?
b15ae
What is -146173 (base 13) in base 14?
-cdbb8
What is -121218 (base 11) in base 8?
-566665
What is -3132023 (base 4) in base 11?
-a757
Convert -33120001 (base 5) to base 13.
-a0013
2421422 (base 5) to base 3
2022001110
What is 465ba (base 14) in base 10?
171272
-222059 (base 13) to base 8
-3042520
What is -131133000 (base 4) in base 15?
-25bb3
101000110000000111010 (base 2) to base 13
379a67
What is -2641266 (base 7) in base 13?
-c1794
What is -b3ff1 (base 16) in base 11?
-463a11
Convert -2212202011101 (base 3) to base 14.
-2bb985
1000010000100101100110101 (base 2) to base 6
1415124405
What is -29ac71 (base 13) in base 4?
-3321323231
-2122877 (base 10) to base 6
-113300045
What is -10010101010011001111111 (base 2) in base 16?
-4aa67f
2188a27 (base 11) to base 7
44403322
What is 2550c (base 14) in base 2?
10110010110011000
Convert 885144 (base 9) to base 13.
156811
Convert -3030002303 (base 4) to base 16.
-cc0b3
What is -13033232 (base 5) in base 14?
-34581
Convert -44011423 (base 5) to base 11.
-2374